 common factor of 9 and 8010.
9
Calculate the highest common factor of 3481 and 40474.
59
Calculate the greatest common divisor of 116547 and 5088.
159
What is the highest common divisor of 779 and 83828?
19
What is the greatest common divisor of 6054 and 498?
6
What is the highest common divisor of 314552 and 1148?
1148
What is the greatest common divisor of 215 and 193780?
5
What is the highest common divisor of 709 and 1481101?
709
What is the highest common divisor of 11 and 2156891?
11
Calculate the greatest common factor of 618 and 24102.
618
Calculate the highest common factor of 33939 and 1701.
81
What is the greatest common factor of 228874 and 1843?
19
Calculate the highest common divisor of 85935 and 30.
15
What is the greatest common divisor of 7631540 and 665?
665
Calculate the greatest common divisor of 1156623 and 564.
141
What is the greatest common divisor of 36751 and 1287?
143
Calculate the greatest common factor of 45584 and 231.
77
What is the greatest common factor of 7048 and 2643?
881
Calculate the highest common divisor of 19227 and 65.
13
Calculate the highest common factor of 1549423 and 1757.
251
Calculate the greatest common factor of 137687 and 55.
11
Calculate the highest common divisor of 5560 and 58360.
40
What is the greatest common divisor of 234729 and 1584?
99
Calculate the greatest common factor of 13694 and 24.
2
What is the greatest common factor of 73 and 5761817?
73
Calculate the greatest common factor of 108872 and 248.
248
What is the greatest common factor of 43623 and 26724?
393
Calculate the greatest common factor of 4965 and 2280.
15
What is the highest common factor of 18 and 22146?
6
What is the greatest common divisor of 1210 and 17182?
242
What is the greatest common factor of 2453 and 495?
11
What is the greatest common divisor of 748 and 2251106?
374
What is the greatest common divisor of 3577 and 49567?
511
Calculate the greatest common divisor of 2 and 607696.
2
What is the greatest common divisor of 5216 and 9454?
326
Calculate the greatest common divisor of 532 and 117781.
19
What is the highest common divisor of 50050 and 6625?
25
Calculate the highest common factor of 188 and 5748476.
188
Calculate the greatest common factor of 103 and 1690024.
103
What is the greatest common factor of 350489 and 170?
17
Calculate the greatest common divisor of 81 and 73467.
81
What is the greatest common factor of 283185 and 3480?
435
Calculate the highest common divisor of 4700 and 20633.
47
Calculate the highest common divisor of 148 and 341399.
37
Calculate the highest common divisor of 1212 and 675.
3
What is the greatest common factor of 1504 and 188799?
47
Calculate the highest common divisor of 7040 and 174185.
55
Calculate the greatest common divisor of 2288 and 147862.
286
Calculate the highest common divisor of 71659 and 812.
203
What is the greatest common factor of 229 and 2977?
229
Calculate the greatest common divisor of 14124 and 3432.
132
What is the highest common factor of 14110 and 289?
17
Calculate the highest common factor of 219142 and 126.
14
Calculate the highest common divisor of 776100 and 600.
300
What is the highest common divisor of 2977 and 1807?
13
Calculate the highest common factor of 17 and 5760450.
17
What is the highest common divisor of 856 and 51788?
428
What is the highest common divisor of 264 and 12696?
24
Calculate the highest common divisor of 340 and 146360.
20
What is the highest common factor of 3840 and 78000?
240
What is the highest common factor of 1012 and 300817?
253
Calculate the highest common factor of 2819878 and 428.
214
Calculate the greatest common divisor of 504 and 361368.
504
Calculate the highest common divisor of 20 and 61535.
5
What is the highest common divisor of 292656 and 14?
14
Calculate the highest common divisor of 11803 and 70180.
319
What is the greatest common divisor of 151220 and 60?
20
What is the highest common divisor of 608 and 80218?
38
Calculate the greatest common factor of 2828 and 4158776.
404
What is the greatest common divisor of 244 and 660508?
244
What is the greatest common factor of 74 and 26798?
2
What is the greatest common divisor of 208 and 16822?
26
Calculate the highest common divisor of 7832 and 1157.
89
Calculate the greatest common factor of 2 and 118226.
2
What is the highest common factor of 4536 and 5346?
162
What is the highest common divisor of 7303 and 1541?
67
What is the greatest common factor of 1853 and 4165?
17
What is the greatest common divisor of 411 and 1031199?
411
Calculate the greatest common divisor of 342096 and 192.
48
Calculate the highest common factor of 28 and 146426.
14
Calculate the greatest common divisor of 259 and 363488.
37
Calculate the highest common factor of 33876 and 36.
36
Calculate the highest common factor of 142 and 489119.
71
Calculate the highest common divisor of 3060 and 2125.
85
What is the greatest common factor of 2856 and 70686?
714
Calculate the greatest common factor of 576 and 339.
3
What is the highest common factor of 69045 and 60?
15
What is the greatest common factor of 52514 and 16786?
154
Calculate the greatest common factor of 130 and 1670.
10
Calculate the highest common factor of 9398 and 2286.
254
Calculate the greatest common divisor of 1343 and 352801.
17
Calculate the highest common factor of 867 and 2329.
17
Calculate the greatest common divisor of 4224822 and 42.
42
Calculate the highest common divisor of 9044 and 38114.
646
What is the greatest common factor of 643024 and 32?
16
Calculate the greatest common divisor of 75840 and 180.
60
Calculate the greatest common divisor of 492 and 1800228.
492
Calculate the greatest common factor of 21012 and 2992.
68
Calculate the greatest common divisor of 1740 and 15465.
15
What is the highest common divisor of 57 and 333887?
19
What is the greatest common factor of 42212 and 1220?
244
Calculate the highest common factor of 1190 and 620410.
70
Calculate the greatest common divisor of 13403862 and 18.
18
What is the greatest common divisor of 320523 and 56?
7
Calculate the greatest common divisor of 81 and 946053.
27
What is the highest common factor of 2145146 and 1096?
274
What is the greatest common divisor of 256 and 18152?
8
What is the highest common divisor of 72226 and 88?
22
What is the highest common factor of 10 and 71485?
5
Calculate the greatest common divisor of 2149 and 21.
7
Calculate the greatest common factor of 32015 and 2696.
337
Calculate the greatest common divisor of 6090 and 975.
15
What is the highest common factor of 1564 and 85?
17
What is the greatest common divisor of 82 and 4961?
41
Calculate the highest common factor of 16 and 34288.
16
What is the highest common divisor of 8748 and 3240?
324
Calculate the highest common factor of 690000 and 8740.
460
Calculate the highest common factor of 4068 and 5672.
4
Calculate the highest common divisor of 76950 and 4218.
114
Calculate the highest common divisor of 10819 and 279.
31
Calculate the highest common factor of 386991 and 44.
11
What is the greatest common factor of 24 and 1713?
3
What is the highest common divisor of 680 and 8520?
40
What is the greatest common divisor of 315 and 1991871?
63
Calculate the greatest common divisor of 26 and 227.
1
Calculate the greatest common divisor of 90 and 8590.
10
Calculate the greatest common factor of 272 and 47736.
136
What is the highest common factor of 138 and 59938?
46
Calculate the greatest common divisor of 9 and 25263.
9
What is the highest common divisor of 327 and 2181?
3
What is the highest common factor of 14692 and 8?
4
What is the highest common divisor of 18420 and 498?
6
What is the highest common factor of 184808 and 26?
26
What is the greatest common divisor of 116 and 239047?
29
What is the greatest common factor of 1376 and 57362?
86
Calculate the greatest common factor of 1105987 and 217.
31
Calculate the highest common divisor of 7434 and 14490.
126
What is the greatest common divisor of 396 and 46992?
132
What is the greatest common divisor of 13616 and 4324?
92
Calculate the greatest common factor of 316393 and 441.
49
What is the greatest common divisor of 2206 and 4?
2
What is the highest common divisor of 13750 and 165?
55
What is the greatest co